{"id":418,"date":"2023-05-14T14:37:06","date_gmt":"2023-05-14T12:37:06","guid":{"rendered":"https:\/\/rootscuisinederue.fr\/?page_id=418"},"modified":"2025-09-30T19:20:56","modified_gmt":"2025-09-30T17:20:56","slug":"carte-2","status":"publish","type":"page","link":"https:\/\/rootscuisinederue.fr\/?page_id=418","title":{"rendered":"Carte"},"content":{"rendered":"<p>[et_pb_section fb_built=\u00a0\u00bb1&Prime; _builder_version=\u00a0\u00bb4.17.4&Prime; _module_preset=\u00a0\u00bbdefault\u00a0\u00bb background_color=\u00a0\u00bb#f2ede7&Prime; custom_padding=\u00a0\u00bb0px||0px|||\u00a0\u00bb filter_contrast=\u00a0\u00bb117%\u00a0\u00bb global_colors_info=\u00a0\u00bb{}\u00a0\u00bb][et_pb_row _builder_version=\u00a0\u00bb4.17.4&Prime; _module_preset=\u00a0\u00bbdefault\u00a0\u00bb width=\u00a0\u00bb100%\u00a0\u00bb max_width=\u00a0\u00bb2320px\u00a0\u00bb custom_padding=\u00a0\u00bb0px||0px|||\u00a0\u00bb global_colors_info=\u00a0\u00bb{}\u00a0\u00bb][et_pb_column type=\u00a0\u00bb4_4&Prime; _builder_version=\u00a0\u00bb4.17.4&Prime; _module_preset=\u00a0\u00bbdefault\u00a0\u00bb global_colors_info=\u00a0\u00bb{}\u00a0\u00bb][dsm_masonry_gallery gallery_ids=\u00a0\u00bb602,600,601,603&Prime; columns=\u00a0\u00bb4&Prime; gutter=\u00a0\u00bb0&Prime; use_zoom_on_hover=\u00a0\u00bbon\u00a0\u00bb disabled_on=\u00a0\u00bbon|off|off\u00a0\u00bb _builder_version=\u00a0\u00bb4.17.4&Prime; _module_preset=\u00a0\u00bbdefault\u00a0\u00bb global_colors_info=\u00a0\u00bb{}\u00a0\u00bb][\/dsm_masonry_gallery][dsm_masonry_gallery gallery_ids=\u00a0\u00bb600,602&Prime; columns=\u00a0\u00bb2&Prime; gutter=\u00a0\u00bb0&Prime; use_zoom_on_hover=\u00a0\u00bbon\u00a0\u00bb disabled_on=\u00a0\u00bboff|on|on\u00a0\u00bb _builder_version=\u00a0\u00bb4.17.4&Prime; _module_preset=\u00a0\u00bbdefault\u00a0\u00bb global_colors_info=\u00a0\u00bb{}\u00a0\u00bb][\/dsm_masonry_gallery][\/et_pb_column][\/et_pb_row][et_pb_row _builder_version=\u00a0\u00bb4.17.4&Prime; _module_preset=\u00a0\u00bbdefault\u00a0\u00bb width=\u00a0\u00bb96%\u00a0\u00bb custom_padding=\u00a0\u00bb||0px|||\u00a0\u00bb global_colors_info=\u00a0\u00bb{}\u00a0\u00bb][et_pb_column type=\u00a0\u00bb4_4&Prime; _builder_version=\u00a0\u00bb4.17.4&Prime; _module_preset=\u00a0\u00bbdefault\u00a0\u00bb global_colors_info=\u00a0\u00bb{}\u00a0\u00bb][et_pb_text _builder_version=\u00a0\u00bb4.17.4&Prime; _module_preset=\u00a0\u00bbdefault\u00a0\u00bb text_font=\u00a0\u00bbPrompt|200||on|||||\u00a0\u00bb text_text_color=\u00a0\u00bb#000000&Prime; text_font_size=\u00a0\u00bb62px\u00a0\u00bb text_line_height=\u00a0\u00bb1.3em\u00a0\u00bb header_font=\u00a0\u00bbPrompt|200||on|||||\u00a0\u00bb header_text_align=\u00a0\u00bbcenter\u00a0\u00bb header_text_color=\u00a0\u00bb#000000&Prime; header_font_size=\u00a0\u00bb49px\u00a0\u00bb header_letter_spacing=\u00a0\u00bb2px\u00a0\u00bb text_orientation=\u00a0\u00bbcenter\u00a0\u00bb custom_margin=\u00a0\u00bb||-4px|||\u00a0\u00bb custom_padding=\u00a0\u00bb||5px|||\u00a0\u00bb animation_style=\u00a0\u00bbfade\u00a0\u00bb header_font_size_tablet=\u00a0\u00bb88px\u00a0\u00bb header_font_size_phone=\u00a0\u00bb47px\u00a0\u00bb header_font_size_last_edited=\u00a0\u00bbon|phone\u00a0\u00bb global_colors_info=\u00a0\u00bb{}\u00a0\u00bb]<\/p>\n<h1>Carte<\/h1>\n<p>[\/et_pb_text][et_pb_text _builder_version=\u00a0\u00bb4.17.4&Prime; _module_preset=\u00a0\u00bbdefault\u00a0\u00bb text_font=\u00a0\u00bbPrompt|200|||||||\u00a0\u00bb text_text_color=\u00a0\u00bb#000000&Prime; text_font_size=\u00a0\u00bb62px\u00a0\u00bb text_line_height=\u00a0\u00bb1.3em\u00a0\u00bb header_font=\u00a0\u00bbPrompt|100||on|||||\u00a0\u00bb header_text_align=\u00a0\u00bbcenter\u00a0\u00bb header_text_color=\u00a0\u00bb#000000&Prime; header_font_size=\u00a0\u00bb49px\u00a0\u00bb header_letter_spacing=\u00a0\u00bb2px\u00a0\u00bb header_2_font=\u00a0\u00bbPrompt|300||on|||||\u00a0\u00bb header_2_text_color=\u00a0\u00bb#000000&Prime; header_2_font_size=\u00a0\u00bb21px\u00a0\u00bb text_orientation=\u00a0\u00bbcenter\u00a0\u00bb custom_margin=\u00a0\u00bb||-4px|||\u00a0\u00bb custom_padding=\u00a0\u00bb||7px||false|false\u00a0\u00bb custom_padding_tablet=\u00a0\u00bb||0px||false|false\u00a0\u00bb custom_padding_phone=\u00a0\u00bb0px||4px||false|false\u00a0\u00bb custom_padding_last_edited=\u00a0\u00bbon|phone\u00a0\u00bb animation_style=\u00a0\u00bbfade\u00a0\u00bb header_font_size_tablet=\u00a0\u00bb88px\u00a0\u00bb header_font_size_phone=\u00a0\u00bb47px\u00a0\u00bb header_font_size_last_edited=\u00a0\u00bbon|phone\u00a0\u00bb global_colors_info=\u00a0\u00bb{}\u00a0\u00bb]<\/p>\n<h2>Sur place ou \u00e0 emporter<\/h2>\n<p>[\/et_pb_text][et_pb_text _builder_version=\u00a0\u00bb4.17.4&Prime; _module_preset=\u00a0\u00bbdefault\u00a0\u00bb text_font=\u00a0\u00bbAverage Sans||on||||||\u00a0\u00bb text_text_color=\u00a0\u00bb#d14c35&Prime; text_font_size=\u00a0\u00bb16px\u00a0\u00bb text_orientation=\u00a0\u00bbcenter\u00a0\u00bb custom_margin=\u00a0\u00bb||-1px|||\u00a0\u00bb global_colors_info=\u00a0\u00bb{}\u00a0\u00bb]<\/p>\n<p>Faites d\u00e9filer ou utilisez les fl\u00e8ches pour tourner les pages de la carte<\/p>\n<p>[\/et_pb_text][\/et_pb_column][\/et_pb_row][et_pb_row _builder_version=\u00a0\u00bb4.17.4&Prime; _module_preset=\u00a0\u00bbdefault\u00a0\u00bb custom_padding=\u00a0\u00bb0px||0px|||\u00a0\u00bb filter_hue_rotate=\u00a0\u00bb17deg\u00a0\u00bb filter_saturate=\u00a0\u00bb176%\u00a0\u00bb filter_brightness=\u00a0\u00bb107%\u00a0\u00bb filter_sepia=\u00a0\u00bb1%\u00a0\u00bb global_colors_info=\u00a0\u00bb{}\u00a0\u00bb][et_pb_column type=\u00a0\u00bb4_4&Prime; _builder_version=\u00a0\u00bb4.17.4&Prime; _module_preset=\u00a0\u00bbdefault\u00a0\u00bb global_colors_info=\u00a0\u00bb{}\u00a0\u00bb][dsm_lottie lottie_url=\u00a0\u00bbhttp:\/\/rootscuisinederue.fr\/wp-content\/uploads\/2025\/03\/Animation-1738344285226-1.json\u00a0\u00bb lottie_speed=\u00a0\u00bb1.2&Prime; _builder_version=\u00a0\u00bb4.17.4&Prime; _module_preset=\u00a0\u00bbdefault\u00a0\u00bb width=\u00a0\u00bb11%\u00a0\u00bb width_tablet=\u00a0\u00bb11%\u00a0\u00bb width_phone=\u00a0\u00bb33%\u00a0\u00bb width_last_edited=\u00a0\u00bbon|phone\u00a0\u00bb module_alignment=\u00a0\u00bbcenter\u00a0\u00bb custom_margin=\u00a0\u00bb||-85px||false|false\u00a0\u00bb custom_padding=\u00a0\u00bb||4px|||\u00a0\u00bb global_colors_info=\u00a0\u00bb{}\u00a0\u00bb][\/dsm_lottie][\/et_pb_column][\/et_pb_row][et_pb_row _builder_version=\u00a0\u00bb4.17.4&Prime; _module_preset=\u00a0\u00bbdefault\u00a0\u00bb width=\u00a0\u00bb95%\u00a0\u00bb max_width=\u00a0\u00bb1971px\u00a0\u00bb custom_padding=\u00a0\u00bb0px||0px|||\u00a0\u00bb hover_enabled=\u00a0\u00bb0&Prime; global_colors_info=\u00a0\u00bb{}\u00a0\u00bb disabled_on=\u00a0\u00bbon|on|on\u00a0\u00bb disabled=\u00a0\u00bbon\u00a0\u00bb sticky_enabled=\u00a0\u00bb0&Prime;][et_pb_column type=\u00a0\u00bb4_4&Prime; _builder_version=\u00a0\u00bb4.17.4&Prime; _module_preset=\u00a0\u00bbdefault\u00a0\u00bb global_colors_info=\u00a0\u00bb{}\u00a0\u00bb][et_pb_button button_url=\u00a0\u00bbhttps:\/\/rootscuisinederue.fr\/?page_id=478&Prime; button_text=\u00a0\u00bbEnglish version\u00a0\u00bb button_alignment=\u00a0\u00bbright\u00a0\u00bb button_alignment_tablet=\u00a0\u00bbright\u00a0\u00bb button_alignment_phone=\u00a0\u00bbcenter\u00a0\u00bb button_alignment_last_edited=\u00a0\u00bbon|phone\u00a0\u00bb disabled_on=\u00a0\u00bboff|off|off\u00a0\u00bb _builder_version=\u00a0\u00bb4.17.4&Prime; _module_preset=\u00a0\u00bbdefault\u00a0\u00bb custom_button=\u00a0\u00bbon\u00a0\u00bb button_text_size=\u00a0\u00bb19px\u00a0\u00bb button_text_color=\u00a0\u00bb#FFFFFF\u00a0\u00bb button_bg_color=\u00a0\u00bb#697d50&Prime; button_border_color=\u00a0\u00bbRGBA(255,255,255,0)\u00a0\u00bb button_border_radius=\u00a0\u00bb50px\u00a0\u00bb button_letter_spacing=\u00a0\u00bb0px\u00a0\u00bb button_font=\u00a0\u00bbAbel|||on|||||\u00a0\u00bb button_use_icon=\u00a0\u00bboff\u00a0\u00bb custom_margin_tablet=\u00a0\u00bb\u00a0\u00bb custom_margin_phone=\u00a0\u00bb24px||24px||false|false\u00a0\u00bb custom_margin_last_edited=\u00a0\u00bbon|phone\u00a0\u00bb global_colors_info=\u00a0\u00bb{}\u00a0\u00bb button_bg_color__hover_enabled=\u00a0\u00bbon|desktop\u00a0\u00bb button_bg_color__hover=\u00a0\u00bbRGBA(255,255,255,0)\u00a0\u00bb button_bg_enable_color__hover=\u00a0\u00bbon\u00a0\u00bb button_text_color__hover_enabled=\u00a0\u00bbon|hover\u00a0\u00bb button_text_color__hover=\u00a0\u00bb#697d50&Prime; button_border_color__hover_enabled=\u00a0\u00bbon|hover\u00a0\u00bb button_border_color__hover=\u00a0\u00bbRGBA(255,255,255,0)\u00a0\u00bb][\/et_pb_button][\/et_pb_column][\/et_pb_row][et_pb_row _builder_version=\u00a0\u00bb4.17.4&Prime; _module_preset=\u00a0\u00bbdefault\u00a0\u00bb width=\u00a0\u00bb97%\u00a0\u00bb max_width=\u00a0\u00bb2539px\u00a0\u00bb custom_padding=\u00a0\u00bb0px||0px|||\u00a0\u00bb global_colors_info=\u00a0\u00bb{}\u00a0\u00bb][et_pb_column type=\u00a0\u00bb4_4&Prime; _builder_version=\u00a0\u00bb4.17.4&Prime; _module_preset=\u00a0\u00bbdefault\u00a0\u00bb global_colors_info=\u00a0\u00bb{}\u00a0\u00bb][et_pb_code _builder_version=\u00a0\u00bb4.17.4&Prime; _module_preset=\u00a0\u00bbdefault\u00a0\u00bb custom_margin=\u00a0\u00bb10px||30px||false|false\u00a0\u00bb custom_margin_tablet=\u00a0\u00bb30px||30px||false|false\u00a0\u00bb custom_margin_phone=\u00a0\u00bb0px||||false|false\u00a0\u00bb custom_margin_last_edited=\u00a0\u00bbon|phone\u00a0\u00bb box_shadow_style=\u00a0\u00bbpreset1&Prime; global_colors_info=\u00a0\u00bb{}\u00a0\u00bb]<div class=\"_df_book df-lite\" id=\"df_849\"  _slug=\"849\" data-title=\"carte-fr-roots\" wpoptions=\"true\" thumbtype=\"\" ><\/div><script class=\"df-shortcode-script\" nowprocket type=\"application\/javascript\">window.option_df_849 = {\"outline\":[],\"backgroundColor\":\"#ffffff\",\"viewerType\":\"flipbook\",\"autoEnableOutline\":\"false\",\"autoEnableThumbnail\":\"false\",\"overwritePDFOutline\":\"false\",\"direction\":\"1\",\"pageSize\":\"0\",\"source\":\"http:\\\/\\\/rootscuisinederue.fr\\\/wp-content\\\/uploads\\\/2023\\\/10\\\/Roots-Carte.pdf\",\"wpOptions\":\"true\"}; if(window.DFLIP && window.DFLIP.parseBooks){window.DFLIP.parseBooks();}<\/script>[\/et_pb_code][\/et_pb_column][\/et_pb_row][\/et_pb_section]<\/p>\n","protected":false},"excerpt":{"rendered":"<p><div class=\"et_pb_module dsm_masonry_gallery dsm_masonry_gallery_0\">\n\t\t\t\t\n\t\t\t\t\n\t\t\t\t\n\t\t\t\t\n\t\t\t\t\n\t\t\t\t\n\t\t\t\t<div class=\"et_pb_module_inner\">\n\t\t\t\t\t<div class=\"dsm-gallery grid dsm_masonry_zoom_hover\" data-lightbox=\"false\" data-horizontalorder=\"true\">\n                <div class=\"grid-sizer\"><\/div><div class=\"gutter-sizer\"><\/div><div class=\"grid-item\">\n                    <div class=\"et_pb_image_wrap\">\n                        <img loading=\"lazy\" decoding=\"async\" src=\"https:\/\/rootscuisinederue.fr\/wp-content\/uploads\/2023\/05\/Plat-3-Roots.jpg\" title=\"Plat 3 Roots\" alt=\"\" class=\"dsm-skip-lazyload\" srcset=\"https:\/\/rootscuisinederue.fr\/wp-content\/uploads\/2023\/05\/Plat-3-Roots.jpg 600w, https:\/\/rootscuisinederue.fr\/wp-content\/uploads\/2023\/05\/Plat-3-Roots-480x320.jpg 480w\" sizes=\"auto, (min-width: 0px) and (max-width: 480px) 480px, (min-width: 481px) 600px, 100vw\" width=\"600\" height=\"400\" \/>\n                        \n                    <\/div>\n                <\/div><div class=\"grid-item\">\n                    <div class=\"et_pb_image_wrap\">\n                        <img loading=\"lazy\" decoding=\"async\" src=\"https:\/\/rootscuisinederue.fr\/wp-content\/uploads\/2023\/05\/Plat-4-Roots.jpg\" title=\"Plat 4 Roots\" alt=\"\" class=\"dsm-skip-lazyload\" srcset=\"https:\/\/rootscuisinederue.fr\/wp-content\/uploads\/2023\/05\/Plat-4-Roots.jpg 600w, https:\/\/rootscuisinederue.fr\/wp-content\/uploads\/2023\/05\/Plat-4-Roots-480x320.jpg 480w\" sizes=\"auto, (min-width: 0px) and (max-width: 480px) 480px, (min-width: 481px) 600px, 100vw\" width=\"600\" height=\"400\" \/>\n                        \n                    <\/div>\n                <\/div><div class=\"grid-item\">\n                    <div class=\"et_pb_image_wrap\">\n                        <img loading=\"lazy\" decoding=\"async\" src=\"https:\/\/rootscuisinederue.fr\/wp-content\/uploads\/2023\/05\/Plat-5-Roots.jpg\" title=\"Plat 5 Roots\" alt=\"\" class=\"dsm-skip-lazyload\" srcset=\"https:\/\/rootscuisinederue.fr\/wp-content\/uploads\/2023\/05\/Plat-5-Roots.jpg 600w, https:\/\/rootscuisinederue.fr\/wp-content\/uploads\/2023\/05\/Plat-5-Roots-480x320.jpg 480w\" sizes=\"auto, (min-width: 0px) and (max-width: 480px) 480px, (min-width: 481px) 600px, 100vw\" width=\"600\" height=\"400\" \/>\n                        \n                    <\/div>\n                <\/div><div class=\"grid-item\">\n                    <div class=\"et_pb_image_wrap\">\n                        <img loading=\"lazy\" decoding=\"async\" src=\"https:\/\/rootscuisinederue.fr\/wp-content\/uploads\/2023\/05\/Plat-6-Roots.jpg\" title=\"Plat 6 Roots\" alt=\"\" class=\"dsm-skip-lazyload\" srcset=\"https:\/\/rootscuisinederue.fr\/wp-content\/uploads\/2023\/05\/Plat-6-Roots.jpg 600w, https:\/\/rootscuisinederue.fr\/wp-content\/uploads\/2023\/05\/Plat-6-Roots-480x320.jpg 480w\" sizes=\"auto, (min-width: 0px) and (max-width: 480px) 480px, (min-width: 481px) 600px, 100vw\" width=\"600\" height=\"400\" \/>\n                        \n                    <\/div>\n                <\/div>\n             <\/div>\n\t\t\t\t<\/div>\n\t\t\t<\/div><div class=\"et_pb_module dsm_masonry_gallery dsm_masonry_gallery_1\">\n\t\t\t\t\n\t\t\t\t\n\t\t\t\t\n\t\t\t\t\n\t\t\t\t\n\t\t\t\t\n\t\t\t\t<div class=\"et_pb_module_inner\">\n\t\t\t\t\t<div class=\"dsm-gallery grid dsm_masonry_zoom_hover\" data-lightbox=\"false\" data-horizontalorder=\"true\">\n                <div class=\"grid-sizer\"><\/div><div class=\"gutter-sizer\"><\/div><div class=\"grid-item\">\n                    <div class=\"et_pb_image_wrap\">\n                        <img loading=\"lazy\" decoding=\"async\" src=\"https:\/\/rootscuisinederue.fr\/wp-content\/uploads\/2023\/05\/Plat-3-Roots.jpg\" title=\"Plat 3 Roots\" alt=\"\" class=\"dsm-skip-lazyload\" srcset=\"https:\/\/rootscuisinederue.fr\/wp-content\/uploads\/2023\/05\/Plat-3-Roots.jpg 600w, https:\/\/rootscuisinederue.fr\/wp-content\/uploads\/2023\/05\/Plat-3-Roots-480x320.jpg 480w\" sizes=\"auto, (min-width: 0px) and (max-width: 480px) 480px, (min-width: 481px) 600px, 100vw\" width=\"600\" height=\"400\" \/>\n                        \n                    <\/div>\n                <\/div><div class=\"grid-item\">\n                    <div class=\"et_pb_image_wrap\">\n                        <img loading=\"lazy\" decoding=\"async\" src=\"https:\/\/rootscuisinederue.fr\/wp-content\/uploads\/2023\/05\/Plat-5-Roots.jpg\" title=\"Plat 5 Roots\" alt=\"\" class=\"dsm-skip-lazyload\" srcset=\"https:\/\/rootscuisinederue.fr\/wp-content\/uploads\/2023\/05\/Plat-5-Roots.jpg 600w, https:\/\/rootscuisinederue.fr\/wp-content\/uploads\/2023\/05\/Plat-5-Roots-480x320.jpg 480w\" sizes=\"auto, (min-width: 0px) and (max-width: 480px) 480px, (min-width: 481px) 600px, 100vw\" width=\"600\" height=\"400\" \/>\n                        \n                    <\/div>\n                <\/div>\n             <\/div>\n\t\t\t\t<\/div>\n\t\t\t<\/div>CarteSur place ou \u00e0 emporterFaites d\u00e9filer ou utilisez les fl\u00e8ches pour tourner les pages de la carte<div class=\"et_pb_module dsm_lottie dsm_lottie_0\">\n\t\t\t\t\n\t\t\t\t\n\t\t\t\t\n\t\t\t\t\n\t\t\t\t\n\t\t\t\t\n\t\t\t\t<div class=\"et_pb_module_inner\">\n\t\t\t\t\t<div class=\"dsm_lottie_wrapper\" data-percent-viewport=\"\" data-params={&quot;path&quot;:&quot;http:\\\/\\\/rootscuisinederue.fr\\\/wp-content\\\/uploads\\\/2025\\\/03\\\/Animation-1738344285226-1.json&quot;,&quot;loop&quot;:true,&quot;loop_no&quot;:&quot;&quot;,&quot;delay&quot;:&quot;0ms&quot;,&quot;direction&quot;:&quot;1&quot;,&quot;speed&quot;:&quot;1.2&quot;,&quot;hover&quot;:false,&quot;trigger&quot;:&quot;on_hover&quot;,&quot;scroll&quot;:&quot;on_hover&quot;,&quot;mouseout&quot;:&quot;no_action&quot;,&quot;viewport&quot;:&quot;80%&quot;}>\n\t\t\t<\/div>\n\t\t\t\t<\/div>\n\t\t\t<\/div><div class=\"_df_book df-lite\" id=\"df_849\"  _slug=\"849\" data-title=\"carte-fr-roots\" wpoptions=\"true\" thumbtype=\"\" ><\/div><script class=\"df-shortcode-script\" nowprocket type=\"application\/javascript\">window.option_df_849 = {\"outline\":[],\"backgroundColor\":\"#ffffff\",\"viewerType\":\"flipbook\",\"autoEnableOutline\":\"false\",\"autoEnableThumbnail\":\"false\",\"overwritePDFOutline\":\"false\",\"direction\":\"1\",\"pageSize\":\"0\",\"source\":\"http:\\\/\\\/rootscuisinederue.fr\\\/wp-content\\\/uploads\\\/2023\\\/10\\\/Roots-Carte.pdf\",\"wpOptions\":\"true\"}; if(window.DFLIP && window.DFLIP.parseBooks){window.DFLIP.parseBooks();}<\/script><\/p>\n","protected":false},"author":1,"featured_media":0,"parent":0,"menu_order":0,"comment_status":"closed","ping_status":"closed","template":"","meta":{"_et_pb_use_builder":"on","_et_pb_old_content":"","_et_gb_content_width":"","_monsterinsights_skip_tracking":false,"_monsterinsights_sitenote_active":false,"_monsterinsights_sitenote_note":"","_monsterinsights_sitenote_category":0,"footnotes":""},"class_list":["post-418","page","type-page","status-publish","hentry"],"yoast_head":"<!-- This site is optimized with the Yoast SEO plugin v27.5 - https:\/\/yoast.com\/product\/yoast-seo-wordpress\/ -->\n<title>Carte - Roots Cuisine de Rue<\/title>\n<meta name=\"description\" content=\"D\u00e9couvrez notre carte de cuisine de rue pour un voyage gustatif sans pr\u00e9c\u00e9dent, sur place ou \u00e0 emporter sur Sainte Maxime.\" \/>\n<meta name=\"robots\" content=\"index, follow, max-snippet:-1, max-image-preview:large, max-video-preview:-1\" \/>\n<link rel=\"canonical\" href=\"https:\/\/rootscuisinederue.fr\/?page_id=418\" \/>\n<meta property=\"og:locale\" content=\"fr_FR\" \/>\n<meta property=\"og:type\" content=\"article\" \/>\n<meta property=\"og:title\" content=\"Carte - Roots Cuisine de Rue\" \/>\n<meta property=\"og:description\" content=\"D\u00e9couvrez notre carte de cuisine de rue pour un voyage gustatif sans pr\u00e9c\u00e9dent, sur place ou \u00e0 emporter sur Sainte Maxime.\" \/>\n<meta property=\"og:url\" content=\"https:\/\/rootscuisinederue.fr\/?page_id=418\" \/>\n<meta property=\"og:site_name\" content=\"Roots Cuisine de Rue\" \/>\n<meta property=\"article:publisher\" content=\"https:\/\/www.facebook.com\/roots.street83\" \/>\n<meta property=\"article:modified_time\" content=\"2025-09-30T17:20:56+00:00\" \/>\n<meta name=\"twitter:card\" content=\"summary_large_image\" \/>\n<meta name=\"twitter:label1\" content=\"Dur\u00e9e de lecture estim\u00e9e\" \/>\n\t<meta name=\"twitter:data1\" content=\"1 minute\" \/>\n<script type=\"application\/ld+json\" class=\"yoast-schema-graph\">{\"@context\":\"https:\\\/\\\/schema.org\",\"@graph\":[{\"@type\":\"WebPage\",\"@id\":\"https:\\\/\\\/rootscuisinederue.fr\\\/?page_id=418\",\"url\":\"https:\\\/\\\/rootscuisinederue.fr\\\/?page_id=418\",\"name\":\"Carte - Roots Cuisine de Rue\",\"isPartOf\":{\"@id\":\"https:\\\/\\\/rootscuisinederue.fr\\\/#website\"},\"datePublished\":\"2023-05-14T12:37:06+00:00\",\"dateModified\":\"2025-09-30T17:20:56+00:00\",\"description\":\"D\u00e9couvrez notre carte de cuisine de rue pour un voyage gustatif sans pr\u00e9c\u00e9dent, sur place ou \u00e0 emporter sur Sainte Maxime.\",\"breadcrumb\":{\"@id\":\"https:\\\/\\\/rootscuisinederue.fr\\\/?page_id=418#breadcrumb\"},\"inLanguage\":\"fr-FR\",\"potentialAction\":[{\"@type\":\"ReadAction\",\"target\":[\"https:\\\/\\\/rootscuisinederue.fr\\\/?page_id=418\"]}]},{\"@type\":\"BreadcrumbList\",\"@id\":\"https:\\\/\\\/rootscuisinederue.fr\\\/?page_id=418#breadcrumb\",\"itemListElement\":[{\"@type\":\"ListItem\",\"position\":1,\"name\":\"Accueil\",\"item\":\"https:\\\/\\\/rootscuisinederue.fr\\\/\"},{\"@type\":\"ListItem\",\"position\":2,\"name\":\"Carte\"}]},{\"@type\":\"WebSite\",\"@id\":\"https:\\\/\\\/rootscuisinederue.fr\\\/#website\",\"url\":\"https:\\\/\\\/rootscuisinederue.fr\\\/\",\"name\":\"Roots Cuisine de Rue\",\"description\":\"Sainte Maxime\",\"publisher\":{\"@id\":\"https:\\\/\\\/rootscuisinederue.fr\\\/#organization\"},\"potentialAction\":[{\"@type\":\"SearchAction\",\"target\":{\"@type\":\"EntryPoint\",\"urlTemplate\":\"https:\\\/\\\/rootscuisinederue.fr\\\/?s={search_term_string}\"},\"query-input\":{\"@type\":\"PropertyValueSpecification\",\"valueRequired\":true,\"valueName\":\"search_term_string\"}}],\"inLanguage\":\"fr-FR\"},{\"@type\":\"Organization\",\"@id\":\"https:\\\/\\\/rootscuisinederue.fr\\\/#organization\",\"name\":\"Roots Cuisine de Rue\",\"url\":\"https:\\\/\\\/rootscuisinederue.fr\\\/\",\"logo\":{\"@type\":\"ImageObject\",\"inLanguage\":\"fr-FR\",\"@id\":\"https:\\\/\\\/rootscuisinederue.fr\\\/#\\\/schema\\\/logo\\\/image\\\/\",\"url\":\"http:\\\/\\\/rootscuisinederue.fr\\\/wp-content\\\/uploads\\\/2023\\\/04\\\/Icone-Roots.jpg\",\"contentUrl\":\"http:\\\/\\\/rootscuisinederue.fr\\\/wp-content\\\/uploads\\\/2023\\\/04\\\/Icone-Roots.jpg\",\"width\":512,\"height\":512,\"caption\":\"Roots Cuisine de Rue\"},\"image\":{\"@id\":\"https:\\\/\\\/rootscuisinederue.fr\\\/#\\\/schema\\\/logo\\\/image\\\/\"},\"sameAs\":[\"https:\\\/\\\/www.facebook.com\\\/roots.street83\",\"https:\\\/\\\/www.instagram.com\\\/roots.street\\\/\"]}]}<\/script>\n<!-- \/ Yoast SEO plugin. -->","yoast_head_json":{"title":"Carte - Roots Cuisine de Rue","description":"D\u00e9couvrez notre carte de cuisine de rue pour un voyage gustatif sans pr\u00e9c\u00e9dent, sur place ou \u00e0 emporter sur Sainte Maxime.","robots":{"index":"index","follow":"follow","max-snippet":"max-snippet:-1","max-image-preview":"max-image-preview:large","max-video-preview":"max-video-preview:-1"},"canonical":"https:\/\/rootscuisinederue.fr\/?page_id=418","og_locale":"fr_FR","og_type":"article","og_title":"Carte - Roots Cuisine de Rue","og_description":"D\u00e9couvrez notre carte de cuisine de rue pour un voyage gustatif sans pr\u00e9c\u00e9dent, sur place ou \u00e0 emporter sur Sainte Maxime.","og_url":"https:\/\/rootscuisinederue.fr\/?page_id=418","og_site_name":"Roots Cuisine de Rue","article_publisher":"https:\/\/www.facebook.com\/roots.street83","article_modified_time":"2025-09-30T17:20:56+00:00","twitter_card":"summary_large_image","twitter_misc":{"Dur\u00e9e de lecture estim\u00e9e":"1 minute"},"schema":{"@context":"https:\/\/schema.org","@graph":[{"@type":"WebPage","@id":"https:\/\/rootscuisinederue.fr\/?page_id=418","url":"https:\/\/rootscuisinederue.fr\/?page_id=418","name":"Carte - Roots Cuisine de Rue","isPartOf":{"@id":"https:\/\/rootscuisinederue.fr\/#website"},"datePublished":"2023-05-14T12:37:06+00:00","dateModified":"2025-09-30T17:20:56+00:00","description":"D\u00e9couvrez notre carte de cuisine de rue pour un voyage gustatif sans pr\u00e9c\u00e9dent, sur place ou \u00e0 emporter sur Sainte Maxime.","breadcrumb":{"@id":"https:\/\/rootscuisinederue.fr\/?page_id=418#breadcrumb"},"inLanguage":"fr-FR","potentialAction":[{"@type":"ReadAction","target":["https:\/\/rootscuisinederue.fr\/?page_id=418"]}]},{"@type":"BreadcrumbList","@id":"https:\/\/rootscuisinederue.fr\/?page_id=418#breadcrumb","itemListElement":[{"@type":"ListItem","position":1,"name":"Accueil","item":"https:\/\/rootscuisinederue.fr\/"},{"@type":"ListItem","position":2,"name":"Carte"}]},{"@type":"WebSite","@id":"https:\/\/rootscuisinederue.fr\/#website","url":"https:\/\/rootscuisinederue.fr\/","name":"Roots Cuisine de Rue","description":"Sainte Maxime","publisher":{"@id":"https:\/\/rootscuisinederue.fr\/#organization"},"potentialAction":[{"@type":"SearchAction","target":{"@type":"EntryPoint","urlTemplate":"https:\/\/rootscuisinederue.fr\/?s={search_term_string}"},"query-input":{"@type":"PropertyValueSpecification","valueRequired":true,"valueName":"search_term_string"}}],"inLanguage":"fr-FR"},{"@type":"Organization","@id":"https:\/\/rootscuisinederue.fr\/#organization","name":"Roots Cuisine de Rue","url":"https:\/\/rootscuisinederue.fr\/","logo":{"@type":"ImageObject","inLanguage":"fr-FR","@id":"https:\/\/rootscuisinederue.fr\/#\/schema\/logo\/image\/","url":"http:\/\/rootscuisinederue.fr\/wp-content\/uploads\/2023\/04\/Icone-Roots.jpg","contentUrl":"http:\/\/rootscuisinederue.fr\/wp-content\/uploads\/2023\/04\/Icone-Roots.jpg","width":512,"height":512,"caption":"Roots Cuisine de Rue"},"image":{"@id":"https:\/\/rootscuisinederue.fr\/#\/schema\/logo\/image\/"},"sameAs":["https:\/\/www.facebook.com\/roots.street83","https:\/\/www.instagram.com\/roots.street\/"]}]}},"_links":{"self":[{"href":"https:\/\/rootscuisinederue.fr\/index.php?rest_route=\/wp\/v2\/pages\/418","targetHints":{"allow":["GET"]}}],"collection":[{"href":"https:\/\/rootscuisinederue.fr\/index.php?rest_route=\/wp\/v2\/pages"}],"about":[{"href":"https:\/\/rootscuisinederue.fr\/index.php?rest_route=\/wp\/v2\/types\/page"}],"author":[{"embeddable":true,"href":"https:\/\/rootscuisinederue.fr\/index.php?rest_route=\/wp\/v2\/users\/1"}],"replies":[{"embeddable":true,"href":"https:\/\/rootscuisinederue.fr\/index.php?rest_route=%2Fwp%2Fv2%2Fcomments&post=418"}],"version-history":[{"count":24,"href":"https:\/\/rootscuisinederue.fr\/index.php?rest_route=\/wp\/v2\/pages\/418\/revisions"}],"predecessor-version":[{"id":1107,"href":"https:\/\/rootscuisinederue.fr\/index.php?rest_route=\/wp\/v2\/pages\/418\/revisions\/1107"}],"wp:attachment":[{"href":"https:\/\/rootscuisinederue.fr\/index.php?rest_route=%2Fwp%2Fv2%2Fmedia&parent=418"}],"curies":[{"name":"wp","href":"https:\/\/api.w.org\/{rel}","templated":true}]}}